5 - -1165?
-123510
In base 2, what is 10010 + -1010101010010100000011?
-1010101010010011110001
In base 5, what is -1 - -200000300421?
200000300420
In base 16, what is 1adbb96 + -7?
1adbb8f
In base 4, what is 303 - 3123102?
-3122133
In base 10, what is 1611211 - -7?
1611218
In base 3, what is 100201121010 - -111101?
100202002111
In base 13, what is 0 - 5aa6c19?
-5aa6c19
In base 15, what is 478 + 2c03?
317b
In base 16, what is -1cee9 + 160?
-1cd89
In base 12, what is -859 + -437b?
-5018
In base 8, what is 305127 + 4161?
311310
In base 14, what is -5716350 - 5?
-5716355
In base 3, what is 1210 + -120122011001?
-120122002021
In base 10, what is -112 + 1900389?
1900277
In base 11, what is -a234a + -43?
-a2392
In base 5, what is 2 + -1010100003?
-1010100001
In base 3, what is -2 + 20200002210012?
20200002210010
In base 10, what is 65789969 + 5?
65789974
In base 2, what is -1111000101110100 - -1111011100?
-1110110110011000
In base 13, what is 95882 + a6b?
96620
In base 7, what is -3561 - -6366361?
6362500
In base 8, what is 22265 + -65?
22200
In base 2, what is -10100100011011110000111001 + 0?
-10100100011011110000111001
In base 7, what is -23 + 1520636?
1520613
In base 10, what is 249554 - -4?
249558
In base 13, what is -15c - 5a1777?
-5a1906
In base 3, what is -100000 - 2021020220?
-2021120220
In base 6, what is -141401253 + 40?
-141401213
In base 12, what is -3b5 - a990?
-b185
In base 6, what is -4 - 22151042342?
-22151042350
In base 2, what is 1010000001101010100010 - -11101000?
1010000001101110001010
In base 14, what is -10da + 58563?
57467
In base 8, what is 3406360 + 220?
3406600
In base 3, what is 1010 - -1112121021200?
1112121022210
In base 13, what is cc08 - -b1?
ccb9
In base 3, what is -202101 + -12210101011?
-12211010112
In base 5, what is -2200401211 + 12?
-2200401144
In base 3, what is -1211011 - -20102012201?
20100101120
In base 4, what is -11 + 22103112211?
22103112200
In base 12, what is -2326b76 - -2?
-2326b74
In base 14, what is -25 + 1ac768b?
1ac7666
In base 15, what is 224352d3 + 2?
224352d5
In base 9, what is 205 - -14273?
14478
In base 2, what is -1010100100 + 1101011010101?
1100000110001
In base 10, what is 3 + -776559?
-776556
In base 10, what is 8 + -1941643?
-1941635
In base 8, what is 2656210 + 32?
2656242
In base 12, what is 35a87b + -5b?
35a820
In base 16, what is 6 + a9390?
a9396
In base 12, what is 3a4a15 + 273?
3a5088
In base 8, what is 6431 - 363017?
-354366
In base 13, what is b44c5 + -10?
b44b5
In base 7, what is 6415563 + 16?
6415612
In base 10, what is -1 + 1166817?
1166816
In base 6, what is 5 - -535453013?
535453022
In base 13, what is 3 + -1abc460?
-1abc45a
In base 6, what is -102 + 113545301?
113545155
In base 4, what is -202323201032 - 303?
-202323202001
In base 8, what is 3406 + 6?
3414
In base 4, what is -101222012333102 - 3?
-101222012333111
In base 9, what is -7581321 - -102?
-7581218
In base 10, what is 2148 - -9546?
11694
In base 2, what is 110100101011011000 + 10001?
110100101011101001
In base 13, what is -7 + 209a588?
209a581
In base 10, what is 12910684 + 1?
12910685
In base 7, what is -6422443552 - 2?
-6422443554
In base 11, what is -17623094 - 2?
-17623096
In base 9, what is -58047 + -118?
-58166
In base 9, what is 2638 + -114815?
-112166
In base 2, what is -1101111011101001110011011 - 101000?
-1101111011101001111000011
In base 16, what is 1 - -a1f8d?
a1f8e
In base 6, what is 33301 + 12355?
50100
In base 9, what is 3 - 205332?
-205328
In base 11, what is -6a35179 - 2?
-6a35180
In base 8, what is -14 + 114716130?
114716114
In base 11, what is -32a - -242a1?
23a72
In base 2, what is -1001011110100 - -111001101?
-1000100100111
In base 3, what is 10002110 - 12222210111?
-12212201001
In base 15, what is -323d090 - 5?
-323d095
In base 14, what is 0 + -24c0a6?
-24c0a6
In base 7, what is 1532316113 + -2?
1532316111
In base 4, what is 2310202323302 - 13?
2310202323223
In base 13, what is 16a47 + -2?
16a45
In base 12, what is -6 + 52aa781?
52aa777
In base 8, what is -321 - 5631666?
-5632207
In base 6, what is -51 + -514222015?
-514222110
In base 13, what is -3752362 + -2?
-3752364
In base 2, what is 10100100 - -110111100110001?
110111111010101
In base 11, what is -25a805 - 415?
-26011a
In base 10, what is -37554 + 13570?
-23984
In base 3, what is 11 - 12122102020000?
-12122102012212
In base 12, what is -13 - -897837?
897824
In base 2, what is 11000100011010000 - -11110110010?
11001000010000010
In base 14, what is -1b8d91b + 2?
-1b8d919
In base 11, what is 25 - 118501?
-118487
In base 15, what is -2605 - 1812?
-3e17
In base 16, what is 17d3 + -5ca?
1209
In base 10, what is -1925 + -7210?
-9135
In base 15, what is -18 + -57a511?
-57a529
In base 11, what is 6303 + 98?
63a0
In base 15, what is -1119 + -b48?
-1c62
In base 4, what is -1211133121103 - -10?
-1211133121033
In base 5, what is -11443224302 + 4?
-11443224243
In base 4, what is 32302023 + -3103?
32232320
In base 3, what is -12 + 202222020120?
202222020101
In base 4, what is 2321231032032 - -11?
2321231032103
In base 11, what is -3180 + -3a4?
-3574
In base 6, what is -5 - -21523300531?
21523300522
In base 11, what is 6a843 + 4a73?
74806
In base 8, what is 2303 + 26726?
31231
In base 10, what is -14876705 - 3?
-14876708
In base 10, what is -472 - -45086?
44614
In base 14, what is -481373 + -5?
-481378
In base 10, what is 315849 - 148?
315701
In base 13, what is -b86 - -4a4a?
3b94
In base 5, what is -14434143 + -414?
-14440112
In base 16, what is 4 + 7adce?
7add2
In base 5, what is -14300144342 - 201?
-14300200043
In base 8, what is -31705 + -2070?
-33775
In base 11, what is 424 - -25141?
25565
In base 6, what is 3025 + 4550143?
4553212
In base 10, what is 3087232 - -4?
3087236
In base 8, what is 66563117 + -10?
66563107
In base 14, what is 4 - -13c904?
13c908
In base 12, what is 1594a - -44?
15992
In base 15, what is 945143 - 5?
94513d
In base 11, what is -29171 + -9771?
-37932
In base 6, what is -4 - 3325030040?
-3325030044
In base 15, what is 97210 - -2d3?
974e3
In base 12, what is -aa1b - 406a?
-12a89
In base 9, what is -148321072 + 4?
-148321067
In base 13, what is 9288 - 2747?
6841
In base 11, what is -23253 - -4768?
-19596
In base 15, what is -1 - 29becd?
-29bece
In base 15, what is -2600 - 1909?
-4009
In base 16, what is 0 - -103f4fd?
103f4fd
In base 8, what is 661 - -2003?
2664
In base 14, what is -4 + 4556574?
4556570
In base 5, what is 141103310 - -4?
141103314
In base 8, what is 305 - -4430270?
4430575
In base 15, what is 55 + -42a72?
-42a1c
In base 5, what is 100 - 10444210342?
-10444210242
In base 3, what is 1011 - 22202221120?
-22202220102
In base 6, what is -5 - -414003030?
414003021
In base 13, what is -226ac565 + 5?
-226ac560
In base 9, what is 2111740850 + -5?
2111740844
In base 13, what is -29731 + -47b?
-29bac
In base 16, what is -3 + -eade49?
-eade4c
In base 16, what is 3ab87 - 10e?
3aa79
In base 5, what is 4 + 21134242340?
21134242344
In base 3, what is 2001011120101 - 2?
2001011120022
In base 16, what is dc18 + 160?
dd78
In base 15, what is 3 - -33a3c?
33a40
In base 11, what is -2 + 42226a01?
422269aa
In base 6, what is -1 + 12034115500?
12034115455
In base 12, what is -46930a + 29?
-4692a1
In base 6, what is 112 + -2450510?
-2450354
In base 14, what is 8 + -171a02?
-1719d8
In base 11, what is -672a0361 + -4?
-672a0365
In base 16, what is 4f14f26 + -2?
4f14f24
In base 6, what is 550 - 50335105?
-50334115
In base 15, what is 3c + 4d96dd?
4d972a
In base 3, what is 1000011 - 1020110002?
-1012102221
In base 11, what is 3 + 1263123?
1263126
In base 12, what is -5 + 4ba8a9?
4ba8a4
In base 5, what is 11441224322 + -1?
11441224321
In base 2, what is 0 - -1100110010000001100110?
1100110010000001100110
In base 11, what is -333969 - -aa?
-33386a
In base 11, what is -5154278 + -2?
-515427a
In base 5, what is 3 - 20024444201?
-20024444143
In base 3, what is 2121220102220101 + 11?
2121220102220112
In base 13, what is 12790 - 47?
12746
In base 3, what is 11 + 12001102122211?
12001102122222
In base 16, what is -4 + -efc9a27?
-efc9a2b
In base 3, what is 1211210102212 - 20?
1211210102122
In base 12, what is 2b5a3 + 1103?
306a6
In base 15, what is -131eca0 - 0?
-131eca0
In base 14, what is -2a - 908ad?
-908d9
In base 8, what is 26335715 - -16?
26